late a(-11).
2
Let v(m) = -m**2 + 224*m + 3639. Give v(-15).
54
Let c(a) = -a**3 - 94*a**2 - 41*a - 2. Give c(0).
-2
Let h(m) = -m**3 - m**2 + 7*m - 9. Calculate h(6).
-219
Let v(r) = -17*r + 826. Determine v(33).
265
Let n(t) = -t**3 - 2*t**2 + 84*t - 11. Give n(8).
21
Let d(s) = 3*s**2 + 65*s + 147. Calculate d(-19).
-5
Let u(j) = j**3 - 482*j**2 - 3*j + 1454. What is u(482)?
8
Let v(h) = -199*h - 1364. Calculate v(-7).
29
Let p(a) = -26*a**2 + 1334*a - 411. Give p(51).
-3
Let o(s) = -s**3 - 24*s**2 - 34*s + 25. Determine o(-22).
-195
Let g(i) = i**2 + 19*i - 7. Calculate g(-22).
59
Let x(h) = 346*h - 252. Determine x(1).
94
Let k(s) = 2*s**3 + 14*s**2 - 16*s - 34. Calculate k(-8).
-34
Let o(l) = -5*l**2 + 30*l - 33. Give o(6).
-33
Let x(y) = -192*y**2 - 1501*y + 281. What is x(-8)?
1
Let n(y) = 17*y + 16. Calculate n(1).
33
Let p(c) = -65*c - 647. Calculate p(-10).
3
Let c(n) = 110*n + 12984. Calculate c(-118).
4
Let i(j) = -26*j**2 - 30*j + 107. What is i(3)?
-217
Let w(l) = -l**3 - 25*l**2 - 115*l + 2. Determine w(-6).
8
Let d(q) = -q**3 - 14*q**2 + 8*q + 277. Determine d(-13).
4
Let b(i) = 10*i - 487. What is b(50)?
13
Let g(y) = 85*y + 985. Calculate g(-12).
-35
Let g(q) = -241*q + 718. Calculate g(3).
-5
Let d(f) = 4*f + 199. Determine d(-38).
47
Let p(o) = 6*o**2 + 9*o - 161. Determine p(-6).
1
Let r(b) = 2*b**2 - 824*b - 17264. Determine r(-20).
16
Let y(m) = 119*m + 15336. Calculate y(-129).
-15
Let h(l) = -3*l**2 - 7*l - 26. Determine h(-8).
-162
Let o(q) = -2*q**2 - 81*q - 824. Give o(-22).
-10
Let m(i) = -2*i**2 + 131*i - 500. What is m(4)?
-8
Let x(y) = -y**2 - 58*y - 768. Give x(-39).
-27
Let n(d) = -d**3 + 2*d**2 + 6*d - 5. What is n(-5)?
140
Let w(t) = -t**3 - 26*t**2 + 301*t - 494. Determine w(-35).
-4
Let o(t) = -24*t**2 - 1677*t + 231. Determine o(-70).
21
Let v(r) = -2*r**2 + 266*r + 2293. Give v(141).
37
Let o(x) = -8*x - 116. What is o(-11)?
-28
Let p(q) = 76*q**3 - 7*q**2 + 2*q - 4. Calculate p(1).
67
Let b(i) = -2924*i - 5857. Determine b(-2).
-9
Let c(l) = -5*l + 96. Calculate c(-1).
101
Let d(b) = -69*b + 218. Give d(3).
11
Let a(h) = 3*h**2 - 528*h - 2718. Calculate a(-5).
-3
Let t(f) = -94*f + 1267. Calculate t(14).
-49
Let a(j) = -115*j**2 - 90*j - 88. What is a(-1)?
-113
Let f(r) = 39*r + 1255. What is f(-32)?
7
Let l(w) = -82*w + 772. Determine l(10).
-48
Let s(y) = y**3 - 3*y**2 - 19*y - 8. Give s(-3).
-5
Let l(a) = 4*a**2 + 51*a - 9. Give l(-11).
-86
Let c(v) = 6*v**3 + 338*v**2 - 228*v - 10. What is c(-57)?
-10
Let f(p) = 133*p + 789. Give f(-6).
-9
Let d(c) = 1795*c - 17944. Determine d(10).
6
Let u(w) = 2*w**2 - 147*w - 233. Give u(75).
-8
Let o(g) = -13366*g - 106918. What is o(-8)?
10
Let s(c) = 2*c**3 - 44*c**2 + 152*c + 298. Calculate s(17).
-8
Let m(p) = p**3 + 19*p**2 + 37*p + 51. Calculate m(-17).
0
Let o(r) = r**2 + 41*r - 657. Calculate o(-53).
-21
Let y(z) = -477*z - 25784. Calculate y(-54).
-26
Let u(c) = -384*c + 1545. Determine u(4).
9
Let f(w) = -w**2 - 14*w + 16. Calculate f(-7).
65
Let k(z) = -5*z**3 + 9*z**2 - 17*z - 105. What is k(-2)?
5
Let r(h) = -32*h**3 - h**2 + 2*h - 10. Give r(-2).
238
Let d(b) = -b**2 + 25*b - 47. What is d(8)?
89
Let j(c) = -c**2 + 22*c - 109. Calculate j(9).
8
Let x(p) = p**3 + 26*p**2 - 320*p - 115. Give x(-35).
60
Let j(f) = -4358*f - 43577. Calculate j(-10).
3
Let p(o) = 2*o**2 + 32*o + 18. Calculate p(-13).
-60
Let l(y) = -y**3 + 9*y**2 - y + 3. Calculate l(5).
98
Let p(m) = -75*m + 1322. What is p(17)?
47
Let h(g) = -1617*g - 4. What is h(0)?
-4
Let z(n) = -n**3 - 61*n**2 + 325*n + 48. Determine z(5).
23
Let u(x) = -4*x**2 - 74*x - 73. Calculate u(-1).
-3
Let q(j) = j**2 + 27*j + 60. Give q(-18).
-102
Let n(z) = 7*z**2 - 1484*z + 2953. What is n(2)?
13
Let g(b) = 5906*b - 5906. Determine g(1).
0
Let j(p) = -p**3 - 7*p**2 + 14*p + 18. Calculate j(-7).
-80
Let o(x) = -x**2 - 45*x - 381. What is o(-13)?
35
Let d(q) = -87*q - 874. Give d(-10).
-4
Let u(k) = 11*k**2 + 221*k - 49. Determine u(-20).
-69
Let c(y) = -y**2 - 59*y - 261. Determine c(-36).
567
Let l(v) = v**3 + 13*v**2 - 5*v + 110. What is l(-14)?
-16
Let d(j) = 410*j**2 - 51*j - 1. Determine d(-1).
460
Let o(r) = -5*r**2 + 5*r + 1. Give o(6).
-149
Let k(m) = -m**2 + 150*m - 2262. Determine k(17).
-1
Let h(t) = 355*t**3 - 3*t + 4. What is h(1)?
356
Let z(p) = 5*p**2 - 189*p + 645. Give z(34).
-1
Let g(o) = o**3 - 24*o**2 - 72*o - 83. What is g(27)?
160
Let v(r) = -r**3 + 84*r**2 + 352*r + 47. Calculate v(88).
47
Let q(v) = -v**2 - 52*v + 277. Give q(5).
-8
Let i(y) = -5*y**2 + 228*y + 95. Give i(46).
3
Let p(t) = t**2 + t - 16. Determine p(-4).
-4
Let c(q) = 3*q**3 - 2*q**2 + q + 6. What is c(-3)?
-96
Let m(r) = -7*r**3 + 107*r**2 - 29*r - 10. Give m(15).
5
Let i(v) = -2*v**2 - 43*v - 276. What is i(-22)?
-298
Let y(s) = s - 33. Calculate y(93).
60
Let o(h) = -h**3 - 12*h**2 - 11*h + 37. What is o(-11)?
37
Let p(k) = 10*k + 143. Calculate p(7).
213
Let l(m) = 2*m**2 - 119*m + 115. Give l(60).
175
Let z(j) = -j**2 + 13*j + 220. What is z(0)?
220
Let v(y) = -205*y**3 - 33*y**2 + 33*y - 2. What is v(1)?
-207
Let w(g) = g**2 + 58*g - 694. Give w(10).
-14
Let p(w) = -20*w**3 + 80*w**2 + w - 1. Calculate p(4).
3
Let s(o) = -302*o**3 - o**2 - 95*o - 95. Calculate s(-1).
301
Let v(d) = -d**3 - 6*d**2 - 39*d - 444. Calculate v(-8).
-4
Let s(u) = -u**2 + 27*u + 23. Give s(27).
23
Let k(p) = 841*p + 5081. What is k(-6)?
35
Let z(y) = 7*y**2 + 90*y - 46. Give z(-14).
66
Let f(j) = j**2 - 59*j - 839. Give f(-11).
-69
Let p(f) = -2*f**2 + 17*f + 197. Determine p(-9).
-118
Let q(w) = w**3 - 26*w**2 - 75*w - 174. Give q(29).
174
Let d(a) = -2*a**3 + 49*a**2 + 33*a - 210. Give d(25).
-10
Let p(a) = a**3 - 28*a**2 - 5*a + 117. Calculate p(28).
-23
Let w(g) = -g**3 - 49*g**2 + 52*g + 150. Give w(-50).
50
Let d(x) = 369*x**2 + 11812*x + 124. Give d(-32).
-4
Let p(k) = -2*k**2 - 358*k - 3380. Give p(-10).
0
Let q(x) = -16*x + 21. Calculate q(2).
-11
Let z(x) = -x**3 - 173*x**2 + 350*x + 1. What is z(-175)?
1
Let k(m) = -37*m**2 + 16*m - 21. What is k(2)?
-137
Let p(l) = 2*l - 52. Give p(27).
2
Let m(j) = 4*j + 117. Calculate m(-2).
109
Let t(p) = -67*p**2 - 65*p + 66. Calculate t(1).
-66
Let l(i) = -3414*i - 10232. What is l(-3)?
10
Let z(d) = 7*d**2 + 109*d + 545. Give z(-8).
121
Let i(s) = 7*s**2 - 15*s + 46. What is i(5)?
146
Let v(p) = -74*p + 4639. Determine v(63).
-23
Let l(q) = 2*q**3 + 47*q**2 - 356*q + 5. Determine l(6).
-7
Let i(x) = -342*x - 12349. What is i(-36)?
-37
Let f(o) = -o**2 - 34*o - 244. Calculate f(-6).
-76
Let p(o) = -3*o**2 - 43*o + 88. Give p(-15).
58
Let t(b) = 2*b**2 - 96*b + 860. Give t(34).
-92
Let x(o) = o**2 + 22*o - 429. What is x(-41)?
350
Let m(q) = -31*q**2 - 457*q + 1191. What is m(-17)?
1
Let n(u) = -4*u**2 + 87*u - 576. What is n(8)?
-136
Let k(l) = l**3 - 4*l**2 - 9*l + 25. What is k(3)?
-11
Let o(j) = 25571*j - 25569. Determine o(1).
2
Let s(h) = -h**2 + 46*h + 265. What is s(51)?
10
Let d(z) = -3*z**3 - 15*z**2 + 15*z - 1. Calculate d(1).
-4
Let y(j) = -77*j**2 + 835*j + 130. Determine y(11).
-2
Let j(h) = -h**2 + 160*h + 1348. Give j(-8).
4
Let q(a) = a**2 + 118*a + 1180. Give q(-107).
3
Let r(t) = -4*t**2 - 59*t + 84. What is r(-18)?
-150
Let v(f) = -13*f**2 + 157*f + 17. Determine v(13).
-139
Let c(u) = -1566*u - 39144. Give c(-25).
6
Let d(u) = -u**2 - 3. Determine d(7).
-52
Let d(x) = -x**3 - 2*x - 3. What is d(-2)?
9
Let p(g) = -7041*g - 401339. Give p(-57).
-2
Let v(a) = a**3 - 12*a**2 + 34*a - 16. What is v(9)?
47
Let i(v) = -20*v**2 - 247*v + 730. What is i(3)?
-191
Let v(l) = -9*l**2 + 93*l - 29. Calculate v(10).
1
Let m(n) = n**2 - 7*n - 91. Calculate m(13).
-13
Let m(f) = -f**3 + 46*f**2 - 123*f - 261. What is m(43)?
-3
Let j(f) = -17*f + 406. Determine j(20).
66
Let h(c) = 7*c - 81. Determine h(8).
-25
Let l(k) = -4*k**3 - 519*k**2 + 1046*k - 1. What is l(2)?
-17
Let n(z) = 3*z**3 - 11*z**2 - 67*z + 255. Give n(4).
3
Let y(x) = -x**3 + 66*x**2 + 205*x + 183. Calculate y(69).
45
Let t(o) = -72*o + 402. Calculate t(7).
-102
Let b(i) = -4*i**3 - 5*i**2 - 65*i + 66. Determine b(1).
-8
Let b(c) = 3*c**2 + 121*c + 37. Determine b(-40).
-3
Let m(q) = 967*q + 21268. Determine m(-22).
-6
Let d(o) = 2*o**3 + 10*o**2 + 24*o - 3. What is d(-4)?
-67
Let i(l) = -2*l**2 + 26*l - 